?
81
Calculate the remainder when 17704569 is divided by 165463.
28
What is the remainder when 11563153 is divided by 1354?
1347
Calculate the remainder when 35197 is divided by 8771.
113
What is the remainder when 3341635 is divided by 452?
451
What is the remainder when 1676305 is divided by 7352?
49
What is the remainder when 192575 is divided by 15?
5
What is the remainder when 1300581 is divided by 24539?
14
What is the remainder when 1100969 is divided by 585?
584
Calculate the remainder when 41928 is divided by 10476.
24
What is the remainder when 368335 is divided by 349?
140
Calculate the remainder when 1021058 is divided by 170164.
74
Calculate the remainder when 967169 is divided by 170.
39
Calculate the remainder when 2096578 is divided by 15.
13
Calculate the remainder when 11260 is divided by 2245.
35
What is the remainder when 425709 is divided by 2644?
25
What is the remainder when 63695925 is divided by 21231966?
27
What is the remainder when 235497426 is divided by 1666?
1662
What is the remainder when 88895228 is divided by 432?
428
Calculate the remainder when 752520 is divided by 62684.
312
Calculate the remainder when 150805 is divided by 2251.
2239
Calculate the remainder when 1649565 is divided by 777.
771
What is the remainder when 713396 is divided by 142677?
11
What is the remainder when 152997 is divided by 2065?
187
Calculate the remainder when 19603964 is divided by 66454.
34
What is the remainder when 15561817 is divided by 10?
7
What is the remainder when 28654316 is divided by 35?
26
Calculate the remainder when 24643 is divided by 12111.
421
What is the remainder when 816355 is divided by 272118?
1
Calculate the remainder when 3352850 is divided by 1252.
1246
Calculate the remainder when 1782467 is divided by 89113.
207
Calculate the remainder when 68434614 is divided by 506923.
9
What is the remainder when 69709550 is divided by 111?
107
What is the remainder when 3548960 is divided by 151?
7
Calculate the remainder when 2734726 is divided by 214.
20
What is the remainder when 1304954 is divided by 3049?
3031
Calculate the remainder when 129574 is divided by 1062.
10
Calculate the remainder when 104978 is divided by 4565.
4548
What is the remainder when 3540928 is divided by 2941?
2905
Calculate the remainder when 1785736 is divided by 1295.
1226
Calculate the remainder when 2351492 is divided by 1546.
26
What is the remainder when 11541043 is divided by 5770156?
731
What is the remainder when 685742 is divided by 6607?
5221
What is the remainder when 22455 is divided by 5580?
135
What is the remainder when 1241515 is divided by 5321?
1722
What is the remainder when 187173 is divided by 37427?
38
Calculate the remainder when 640892 is divided by 22887.
56
What is the remainder when 5575051 is divided by 46074?
97
What is the remainder when 1711046 is divided by 122?
118
Calculate the remainder when 43711271 is divided by 396.
395
Calculate the remainder when 27628 is divided by 13258.
1112
Calculate the remainder when 29915724 is divided by 14957856.
12
Calculate the remainder when 27443 is divided by 4904.
2923
Calculate the remainder when 7013149 is divided by 1168849.
55
Calculate the remainder when 148186 is divided by 71210.
5766
What is the remainder when 215814365 is divided by 28?
25
What is the remainder when 22078909 is divided by 106?
63
What is the remainder when 58714963 is divided by 1373?
1364
Calculate the remainder when 183131 is divided by 22891.
3
What is the remainder when 141536 is divided by 141175?
361
What is the remainder when 475160 is divided by 5888?
4120
What is the remainder when 11455515 is divided by 29223?
99
What is the remainder when 225899 is divided by 15321?
11405
What is the remainder when 43618710 is divided by 7639?
20
What is the remainder when 4182857 is divided by 220?
217
Calculate the remainder when 13230675 is divided by 13230661.
14
Calculate the remainder when 17208 is divided by 5181.
1665
Calculate the remainder when 3754645 is divided by 9.
7
What is the remainder when 438314 is divided by 145696?
1226
What is the remainder when 97940462 is divided by 3304?
3294
Calculate the remainder when 157396180 is divided by 481.
474
Calculate the remainder when 89391 is divided by 1655.
21
Calculate the remainder when 337090 is divided by 14.
12
Calculate the remainder when 42532 is divided by 14175.
7
Calculate the remainder when 18064345 is divided by 675.
670
Calculate the remainder when 628605 is divided by 139.
47
Calculate the remainder when 172499 is divided by 601.
12
What is the remainder when 1374506 is divided by 54980?
6
What is the remainder when 176541 is divided by 35073?
1176
What is the remainder when 1889582 is divided by 92?
86
Calculate the remainder when 233551 is divided by 4969.
8
Calculate the remainder when 760772 is divided by 68.
56
What is the remainder when 162886 is divided by 467?
370
Calculate the remainder when 1182207 is divided by 1174.
1163
What is the remainder when 420334 is divided by 38197?
167
Calculate the remainder when 1017148 is divided by 79.
23
What is the remainder when 67961958 is divided by 11326993?
0
Calculate the remainder when 403613 is divided by 134222.
947
Calculate the remainder when 4674846 is divided by 1446.
1374
What is the remainder when 94052629 is divided by 3032?
3021
What is the remainder when 140414431 is divided by 36?
31
Calculate the remainder when 1847009 is divided by 1846872.
137
What is the remainder when 2604112 is divided by 100?
12
Calculate the remainder when 7513770 is divided by 86365.
15
Calculate the remainder when 483307 is divided by 96661.
2
Calculate the remainder when 12188 is divided by 106.
104
Calculate the remainder when 1260855 is divided by 9624.
111
What is the remainder when 523363 is divided by 345?
343
What is the remainder when 5684071 is divided by 96340?
11
Calculate the remainder when 13665018 is divided by 16.
10
What is the remainder when 1409288 is divided by 9750?
5288
Calculate the remainder when 6340004 is divided by 19.
8
What is the remainder when 976938 is divided by 75144?
66
What is the remainder when 95481433 is divided by 53551?
0
Calculate the remainder when 123350 is divided by 6185.
5835
What is the remainder when 14329526 is divided by 247?
68
What is the remainder when 124588 is divided by 470?
38
Calculate the remainder when 1309391 is divided by 1996.
15
Calculate the remainder when 323246 is divided by 2628.
2
Calculate the remainder when 9736989 is divided by 406.
297
Calculate the remainder when 58291338 is divided by 4244.
4242
What is the remainder when 238006 is divided by 1577?
1456
What is the remainder when 87000 is divided by 27999?
3003
Calculate the remainder when 4467187 is divided by 26.
23
Calculate the remainder when 34385579 is divided by 135.
134
Calculate the remainder when 272686 is divided by 216.
94
What is the remainder when 34225889 is divided by 1303?
1291
What is the remainder when 526349129 is divided by 290?
289
Calculate the remainder when 4129072 is divided by 172036.
208
What is the remainder when 105738 is divided by 435?
33
What is the remainder when 22984 is divided by 772?
596
Calculate the remainder when 279770057 is divided by 1558.
1555
What is the remainder when 4055997 is divided by 184363?
11
What is the remainder when 1601707 is divided by 1603?
310
What is the remainder when 11795855 is divided by 1509?
2
Calculate the remainder when 640431 is divided by 2065.
281
Calculate the remainder when 9138042 is divided by 15.
12
What is the remainder when 2948194 is divided by 882?
550
Calculate the remainder when 1882714 is divided by 27.
4
What is the remainder when 17857 is divided by 2190?
337
What is the remainder when 237544 is divided by 16716?
3520
Calculate the remainder when 1770937 is divided by 4864.
441
What is the remainder when 3267194 is divided by 3267064?
130
Calculate the remainder when 193604 is divided by 23.
13
Calculate the remainder when 76649382 is divided by 37.
34
Calculate the remainder when 46816696 is divided by 15605561.
13
What is the remainder when 193154783 is divided by 36?
23
Calculate the remainder when 7591407 is divided by 45.
42
What is the remainder when 5239496 is div